{"id":2,"date":"2014-01-27T13:23:40","date_gmt":"2014-01-27T13:23:40","guid":{"rendered":"http:\/\/humanisten-bayernspd.de\/blog\/?page_id=2"},"modified":"2019-04-24T20:41:37","modified_gmt":"2019-04-24T19:41:37","slug":"sample-page","status":"publish","type":"page","link":"https:\/\/humanisten-bayernspd.de\/blog\/sample-page\/","title":{"rendered":"Impressum"},"content":{"rendered":"<p><em>Ansprechpartner:<\/em><br \/>\nMichael P. Geyer (webmaster AT humanisten-bayernspd DOT de)<\/p>\n<p><em>Inhaber und verantwortlich f\u00fcr diese Seiten, wenn nicht anders genannt:<\/em><br \/>\nMichael P. Geyer<br \/>\nSandbergstra\u00dfe 6<br \/>\n82234 We\u00dfling<br \/>\nwebmaster AT humanisten-bayernspd DOT de<\/p>\n<p><iframe loading=\"lazy\" src=\"http:\/\/disclaimer.de\/disclaimer.htm?farbe=E5E5FF\/000088\/1111FF\/1111FF\" width=\"600\" height=\"240\"><\/iframe><\/p>\n","protected":false},"excerpt":{"rendered":"<p>Ansprechpartner: Michael P. Geyer (webmaster AT humanisten-bayernspd DOT de) Inhaber und verantwortlich f\u00fcr diese Seiten, wenn nicht anders genannt: Michael P. Geyer Sandbergstra\u00dfe 6 82234 We\u00dfling webmaster AT humanisten-bayernspd DOT de<\/p>\n","protected":false},"author":1,"featured_media":0,"parent":0,"menu_order":0,"comment_status":"closed","ping_status":"closed","template":"","meta":{"spay_email":""},"jetpack_shortlink":"https:\/\/wp.me\/P4jObh-2","jetpack_sharing_enabled":true,"_links":{"self":[{"href":"https:\/\/humanisten-bayernspd.de\/blog\/wp-json\/wp\/v2\/pages\/2"}],"collection":[{"href":"https:\/\/humanisten-bayernspd.de\/blog\/wp-json\/wp\/v2\/pages"}],"about":[{"href":"https:\/\/humanisten-bayernspd.de\/blog\/wp-json\/wp\/v2\/types\/page"}],"author":[{"embeddable":true,"href":"https:\/\/humanisten-bayernspd.de\/blog\/wp-json\/wp\/v2\/users\/1"}],"replies":[{"embeddable":true,"href":"https:\/\/humanisten-bayernspd.de\/blog\/wp-json\/wp\/v2\/comments?post=2"}],"version-history":[{"count":15,"href":"https:\/\/humanisten-bayernspd.de\/blog\/wp-json\/wp\/v2\/pages\/2\/revisions"}],"predecessor-version":[{"id":207,"href":"https:\/\/humanisten-bayernspd.de\/blog\/wp-json\/wp\/v2\/pages\/2\/revisions\/207"}],"wp:attachment":[{"href":"https:\/\/humanisten-bayernspd.de\/blog\/wp-json\/wp\/v2\/media?parent=2"}],"curies":[{"name":"wp","href":"https:\/\/api.w.org\/{rel}","templated":true}]}}